{"id":9,"date":"2018-09-07T15:36:29","date_gmt":"2018-09-07T15:36:29","guid":{"rendered":"http:\/\/www.soniamoya.com\/?page_id=9"},"modified":"2018-09-07T15:36:29","modified_gmt":"2018-09-07T15:36:29","slug":"una-seccion-de-la-pagina-de-inicio","status":"publish","type":"page","link":"https:\/\/soniamoya.com\/index.php\/una-seccion-de-la-pagina-de-inicio\/","title":{"rendered":"Una secci\u00f3n de la p\u00e1gina de inicio"},"content":{"rendered":"<p>Este es un ejemplo de una secci\u00f3n de la p\u00e1gina de inicio. Las secciones de la p\u00e1gina de inicio pueden estar en cualquier p\u00e1gina aparte de la propia de inicio, incluida la p\u00e1gina que muestra tus \u00faltimas entradas.<\/p>\n","protected":false},"excerpt":{"rendered":"<p>Este es un ejemplo de una secci\u00f3n de la p\u00e1gina de inicio. Las secciones de la p\u00e1gina de inicio pueden estar en cualquier p\u00e1gina aparte de la propia de inicio, incluida la p\u00e1gina que muestra tus \u00faltimas entradas.<\/p>\n","protected":false},"author":1,"featured_media":0,"parent":0,"menu_order":0,"comment_status":"closed","ping_status":"closed","template":"","meta":{"footnotes":""},"class_list":["post-9","page","type-page","status-publish","hentry"],"_links":{"self":[{"href":"https:\/\/soniamoya.com\/index.php\/wp-json\/wp\/v2\/pages\/9","targetHints":{"allow":["GET"]}}],"collection":[{"href":"https:\/\/soniamoya.com\/index.php\/wp-json\/wp\/v2\/pages"}],"about":[{"href":"https:\/\/soniamoya.com\/index.php\/wp-json\/wp\/v2\/types\/page"}],"author":[{"embeddable":true,"href":"https:\/\/soniamoya.com\/index.php\/wp-json\/wp\/v2\/users\/1"}],"replies":[{"embeddable":true,"href":"https:\/\/soniamoya.com\/index.php\/wp-json\/wp\/v2\/comments?post=9"}],"version-history":[{"count":1,"href":"https:\/\/soniamoya.com\/index.php\/wp-json\/wp\/v2\/pages\/9\/revisions"}],"predecessor-version":[{"id":15,"href":"https:\/\/soniamoya.com\/index.php\/wp-json\/wp\/v2\/pages\/9\/revisions\/15"}],"wp:attachment":[{"href":"https:\/\/soniamoya.com\/index.php\/wp-json\/wp\/v2\/media?parent=9"}],"curies":[{"name":"wp","href":"https:\/\/api.w.org\/{rel}","templated":true}]}}