{"id":1687,"date":"2025-02-27T05:36:34","date_gmt":"2025-02-27T05:36:34","guid":{"rendered":"https:\/\/soniamoya.com\/?post_type=tribe_events&#038;p=1687"},"modified":"2025-05-08T05:52:46","modified_gmt":"2025-05-08T05:52:46","slug":"largelaga-del-desig-al-festival-versud","status":"publish","type":"tribe_events","link":"https:\/\/soniamoya.com\/index.php\/event\/largelaga-del-desig-al-festival-versud\/","title":{"rendered":"L&#8217;argelaga del desig al Festival Versud"},"content":{"rendered":"<p align=\"justify\"><a href=\"https:\/\/www.mallorcaliteraria.cat\/ca\/fitxa-activitat\/2102\">https:\/\/www.mallorcaliteraria.cat\/ca\/fitxa-activitat\/2102<\/a><\/p>\n<p align=\"justify\">L\u2019argelaga del desig neix del desig. El desig de ser. El desig de creure i d\u2019il\u00b7lusionar-se. El desig d\u2019entendre i d\u2019entendre\u2019s. El desig d\u2019atrevir-se i anar m\u00e9s enll\u00e0. El desig de la pell i el desig de la carn. I de quan el desig mor per donar lloc a la resta, que tamb\u00e9 en forma part.<\/p>\n<p align=\"justify\">S\u00f2nia Moya hi posa els textos i la veu. Berta Sala i Santi Careta, la m\u00fasica, des de totes les seves possibilitats. I el desig, l\u2019hi posen totes.<\/p>\n","protected":false},"excerpt":{"rendered":"<p>Amb Santi Careta i Berta Sala<\/p>\n","protected":false},"author":2,"featured_media":1466,"comment_status":"open","ping_status":"closed","template":"","meta":{"footnotes":""},"tags":[],"tribe_events_cat":[],"class_list":["post-1687","tribe_events","type-tribe_events","status-publish","has-post-thumbnail","hentry"],"_links":{"self":[{"href":"https:\/\/soniamoya.com\/index.php\/wp-json\/wp\/v2\/tribe_events\/1687","targetHints":{"allow":["GET"]}}],"collection":[{"href":"https:\/\/soniamoya.com\/index.php\/wp-json\/wp\/v2\/tribe_events"}],"about":[{"href":"https:\/\/soniamoya.com\/index.php\/wp-json\/wp\/v2\/types\/tribe_events"}],"author":[{"embeddable":true,"href":"https:\/\/soniamoya.com\/index.php\/wp-json\/wp\/v2\/users\/2"}],"replies":[{"embeddable":true,"href":"https:\/\/soniamoya.com\/index.php\/wp-json\/wp\/v2\/comments?post=1687"}],"version-history":[{"count":2,"href":"https:\/\/soniamoya.com\/index.php\/wp-json\/wp\/v2\/tribe_events\/1687\/revisions"}],"predecessor-version":[{"id":1733,"href":"https:\/\/soniamoya.com\/index.php\/wp-json\/wp\/v2\/tribe_events\/1687\/revisions\/1733"}],"wp:featuredmedia":[{"embeddable":true,"href":"https:\/\/soniamoya.com\/index.php\/wp-json\/wp\/v2\/media\/1466"}],"wp:attachment":[{"href":"https:\/\/soniamoya.com\/index.php\/wp-json\/wp\/v2\/media?parent=1687"}],"wp:term":[{"taxonomy":"post_tag","embeddable":true,"href":"https:\/\/soniamoya.com\/index.php\/wp-json\/wp\/v2\/tags?post=1687"},{"taxonomy":"tribe_events_cat","embeddable":true,"href":"https:\/\/soniamoya.com\/index.php\/wp-json\/wp\/v2\/tribe_events_cat?post=1687"}],"curies":[{"name":"wp","href":"https:\/\/api.w.org\/{rel}","templated":true}]}}

<p align="justify"><a href="https://www.mallorcaliteraria.cat/ca/fitxa-activitat/2102">https://www.mallorcaliteraria.cat/ca/fitxa-activitat/2102</a></p>
<p align="justify">L’argelaga del desig neix del desig. El desig de ser. El desig de creure i d’il·lusionar-se. El desig d’entendre i d’entendre’s. El desig d’atrevir-se i anar més enllà. El desig de la pell i el desig de la carn. I de quan el desig mor per donar lloc a la resta, que també en forma part.</p>
<p align="justify">Sònia Moya hi posa els textos i la veu. Berta Sala i Santi Careta, la música, des de totes les seves possibilitats. I el desig, l’hi posen totes.</p>
