{"id":1762,"date":"2025-09-13T06:12:04","date_gmt":"2025-09-13T06:12:04","guid":{"rendered":"https:\/\/soniamoya.com\/?post_type=tribe_events&#038;p=1762"},"modified":"2025-09-13T06:13:45","modified_gmt":"2025-09-13T06:13:45","slug":"dret-a-la-llengua-un-dret-cultural","status":"publish","type":"tribe_events","link":"https:\/\/soniamoya.com\/index.php\/event\/dret-a-la-llengua-un-dret-cultural\/","title":{"rendered":"Dret a la llengua. Un dret cultural"},"content":{"rendered":"<p>Dues taules de di\u00e0leg i una lectura po\u00e8tica i musical per celebrar la vitalitat de les lleng\u00fces minoritzades.<\/p>\n<p>&nbsp;<\/p>\n","protected":false},"excerpt":{"rendered":"<p>Dues taules de di\u00e0leg i una lectura po\u00e8tica i musical per celebrar la vitalitat de les lleng\u00fces minoritzades. &nbsp;<\/p>\n","protected":false},"author":2,"featured_media":1763,"comment_status":"open","ping_status":"closed","template":"","meta":{"footnotes":""},"tags":[],"tribe_events_cat":[],"class_list":["post-1762","tribe_events","type-tribe_events","status-publish","has-post-thumbnail","hentry"],"_links":{"self":[{"href":"https:\/\/soniamoya.com\/index.php\/wp-json\/wp\/v2\/tribe_events\/1762","targetHints":{"allow":["GET"]}}],"collection":[{"href":"https:\/\/soniamoya.com\/index.php\/wp-json\/wp\/v2\/tribe_events"}],"about":[{"href":"https:\/\/soniamoya.com\/index.php\/wp-json\/wp\/v2\/types\/tribe_events"}],"author":[{"embeddable":true,"href":"https:\/\/soniamoya.com\/index.php\/wp-json\/wp\/v2\/users\/2"}],"replies":[{"embeddable":true,"href":"https:\/\/soniamoya.com\/index.php\/wp-json\/wp\/v2\/comments?post=1762"}],"version-history":[{"count":2,"href":"https:\/\/soniamoya.com\/index.php\/wp-json\/wp\/v2\/tribe_events\/1762\/revisions"}],"predecessor-version":[{"id":1766,"href":"https:\/\/soniamoya.com\/index.php\/wp-json\/wp\/v2\/tribe_events\/1762\/revisions\/1766"}],"wp:featuredmedia":[{"embeddable":true,"href":"https:\/\/soniamoya.com\/index.php\/wp-json\/wp\/v2\/media\/1763"}],"wp:attachment":[{"href":"https:\/\/soniamoya.com\/index.php\/wp-json\/wp\/v2\/media?parent=1762"}],"wp:term":[{"taxonomy":"post_tag","embeddable":true,"href":"https:\/\/soniamoya.com\/index.php\/wp-json\/wp\/v2\/tags?post=1762"},{"taxonomy":"tribe_events_cat","embeddable":true,"href":"https:\/\/soniamoya.com\/index.php\/wp-json\/wp\/v2\/tribe_events_cat?post=1762"}],"curies":[{"name":"wp","href":"https:\/\/api.w.org\/{rel}","templated":true}]}}

<p>Dues taules de diàleg i una lectura poètica i musical per celebrar la vitalitat de les llengües minoritzades.</p>
<p>&nbsp;</p>

<p>Dues taules de diàleg i una lectura poètica i musical per celebrar la vitalitat de les llengües minoritzades. &nbsp;</p>
