{"id":1844,"date":"2026-03-16T05:17:18","date_gmt":"2026-03-16T05:17:18","guid":{"rendered":"https:\/\/soniamoya.com\/?post_type=tribe_events&#038;p=1844"},"modified":"2026-04-04T05:00:14","modified_gmt":"2026-04-04T05:00:14","slug":"presentacio-llera","status":"publish","type":"tribe_events","link":"https:\/\/soniamoya.com\/index.php\/event\/presentacio-llera\/","title":{"rendered":"L&#8217;argelaga del desig al Barcelona Poesia"},"content":{"rendered":"<p align=\"justify\">L\u2019argelaga del desig neix del desig. El desig de ser. El desig de creure i d\u2019il\u00b7lusionar-se. El desig d\u2019entendre i d\u2019entendre\u2019s. El desig d\u2019atrevir-se i anar m\u00e9s enll\u00e0. El desig de la pell i el desig de la carn. I de quan el desig mor per donar lloc a la resta, que tamb\u00e9 en forma part.<\/p>\n<p align=\"justify\">S\u00f2nia Moya hi posa els textos i la veu. Berta Sala i Santi Careta, la m\u00fasica, des de totes les seves possibilitats. I el desig, l\u2019hi posen totes.<\/p>\n<p align=\"justify\">Entrades: <a href=\"https:\/\/www.casaelizalde.com\/arts-esceniques\/largelaga-del-desig\/\">https:\/\/www.casaelizalde.com\/arts-esceniques\/largelaga-del-desig\/<\/a><\/p>\n","protected":false},"excerpt":{"rendered":"<p>Amb Lu Rois i Santi Careta<\/p>\n","protected":false},"author":2,"featured_media":1463,"comment_status":"open","ping_status":"closed","template":"","meta":{"footnotes":""},"tags":[],"tribe_events_cat":[],"class_list":["post-1844","tribe_events","type-tribe_events","status-publish","has-post-thumbnail","hentry"],"_links":{"self":[{"href":"https:\/\/soniamoya.com\/index.php\/wp-json\/wp\/v2\/tribe_events\/1844","targetHints":{"allow":["GET"]}}],"collection":[{"href":"https:\/\/soniamoya.com\/index.php\/wp-json\/wp\/v2\/tribe_events"}],"about":[{"href":"https:\/\/soniamoya.com\/index.php\/wp-json\/wp\/v2\/types\/tribe_events"}],"author":[{"embeddable":true,"href":"https:\/\/soniamoya.com\/index.php\/wp-json\/wp\/v2\/users\/2"}],"replies":[{"embeddable":true,"href":"https:\/\/soniamoya.com\/index.php\/wp-json\/wp\/v2\/comments?post=1844"}],"version-history":[{"count":6,"href":"https:\/\/soniamoya.com\/index.php\/wp-json\/wp\/v2\/tribe_events\/1844\/revisions"}],"predecessor-version":[{"id":1857,"href":"https:\/\/soniamoya.com\/index.php\/wp-json\/wp\/v2\/tribe_events\/1844\/revisions\/1857"}],"wp:featuredmedia":[{"embeddable":true,"href":"https:\/\/soniamoya.com\/index.php\/wp-json\/wp\/v2\/media\/1463"}],"wp:attachment":[{"href":"https:\/\/soniamoya.com\/index.php\/wp-json\/wp\/v2\/media?parent=1844"}],"wp:term":[{"taxonomy":"post_tag","embeddable":true,"href":"https:\/\/soniamoya.com\/index.php\/wp-json\/wp\/v2\/tags?post=1844"},{"taxonomy":"tribe_events_cat","embeddable":true,"href":"https:\/\/soniamoya.com\/index.php\/wp-json\/wp\/v2\/tribe_events_cat?post=1844"}],"curies":[{"name":"wp","href":"https:\/\/api.w.org\/{rel}","templated":true}]}}

<p align="justify">L’argelaga del desig neix del desig. El desig de ser. El desig de creure i d’il·lusionar-se. El desig d’entendre i d’entendre’s. El desig d’atrevir-se i anar més enllà. El desig de la pell i el desig de la carn. I de quan el desig mor per donar lloc a la resta, que també en forma part.</p>
<p align="justify">Sònia Moya hi posa els textos i la veu. Berta Sala i Santi Careta, la música, des de totes les seves possibilitats. I el desig, l’hi posen totes.</p>
<p align="justify">Entrades: <a href="https://www.casaelizalde.com/arts-esceniques/largelaga-del-desig/">https://www.casaelizalde.com/arts-esceniques/largelaga-del-desig/</a></p>
