{"id":1847,"date":"2026-03-16T05:19:29","date_gmt":"2026-03-16T05:19:29","guid":{"rendered":"https:\/\/soniamoya.com\/?post_type=tribe_events&#038;p=1847"},"modified":"2026-04-04T05:25:26","modified_gmt":"2026-04-04T05:25:26","slug":"presentacio-de-llera-2","status":"publish","type":"tribe_events","link":"https:\/\/soniamoya.com\/index.php\/event\/presentacio-de-llera-2\/","title":{"rendered":"Presentaci\u00f3 de Llera"},"content":{"rendered":"<p>Ampla i serena o estreta i abrupta, la llera marca \u2014fr\u00e0gilment per\u00f2 tossuda\u2014 els l\u00edmits de l\u2019aigua que la senyoreja; en la llera s\u2019acumulen sorres, pedres, sediments, troncs, restes de records de cat\u00e0strofes i riuades; en temps de sequera, la llera \u00e9s la guardiana de la mem\u00f2ria de l\u2019aigua, la que ens recorda i ens adverteix del perill d\u2019oblidar el cam\u00ed que l\u2019aigua va marcar, i espera pacient perqu\u00e8 sap que, inevitable, tornar\u00e0 a c\u00f3rrer pel seu cos eixut, amansir\u00e0 les cicatrius i omplir\u00e0 de verd i de vida els seus marges. La llera \u00e9s resistent perqu\u00e8 sap que res no la destrueix, nom\u00e9s la modifica i que aix\u00f2 la fa m\u00e9s forta.<\/p>\n<p>Les nostres vides s\u00f3n rius, ens deia Jorge Manrique. La poeta S\u00f2nia Moya li respon amb una met\u00e0fora potent i agosarada que recorre tot el seu poemari: potser les nostres vides no s\u00f3n rius, potser les nostres vides s\u00f3n lleres, eixutes i ufanoses, clivellades i desbordants. I tamb\u00e9 plenes de misteris i d\u2019enigmes, com les pedres precioses i resplendents que dormen enterrades als llots de les nostres entranyes.<\/p>\n","protected":false},"excerpt":{"rendered":"<p>Amb Eduard Sanahuja<\/p>\n","protected":false},"author":2,"featured_media":1859,"comment_status":"open","ping_status":"closed","template":"","meta":{"footnotes":""},"tags":[],"tribe_events_cat":[],"class_list":["post-1847","tribe_events","type-tribe_events","status-publish","has-post-thumbnail","hentry"],"_links":{"self":[{"href":"https:\/\/soniamoya.com\/index.php\/wp-json\/wp\/v2\/tribe_events\/1847","targetHints":{"allow":["GET"]}}],"collection":[{"href":"https:\/\/soniamoya.com\/index.php\/wp-json\/wp\/v2\/tribe_events"}],"about":[{"href":"https:\/\/soniamoya.com\/index.php\/wp-json\/wp\/v2\/types\/tribe_events"}],"author":[{"embeddable":true,"href":"https:\/\/soniamoya.com\/index.php\/wp-json\/wp\/v2\/users\/2"}],"replies":[{"embeddable":true,"href":"https:\/\/soniamoya.com\/index.php\/wp-json\/wp\/v2\/comments?post=1847"}],"version-history":[{"count":2,"href":"https:\/\/soniamoya.com\/index.php\/wp-json\/wp\/v2\/tribe_events\/1847\/revisions"}],"predecessor-version":[{"id":1861,"href":"https:\/\/soniamoya.com\/index.php\/wp-json\/wp\/v2\/tribe_events\/1847\/revisions\/1861"}],"wp:featuredmedia":[{"embeddable":true,"href":"https:\/\/soniamoya.com\/index.php\/wp-json\/wp\/v2\/media\/1859"}],"wp:attachment":[{"href":"https:\/\/soniamoya.com\/index.php\/wp-json\/wp\/v2\/media?parent=1847"}],"wp:term":[{"taxonomy":"post_tag","embeddable":true,"href":"https:\/\/soniamoya.com\/index.php\/wp-json\/wp\/v2\/tags?post=1847"},{"taxonomy":"tribe_events_cat","embeddable":true,"href":"https:\/\/soniamoya.com\/index.php\/wp-json\/wp\/v2\/tribe_events_cat?post=1847"}],"curies":[{"name":"wp","href":"https:\/\/api.w.org\/{rel}","templated":true}]}}

Presentació de Llera

<p>Ampla i serena o estreta i abrupta, la llera marca —fràgilment però tossuda— els límits de l’aigua que la senyoreja; en la llera s’acumulen sorres, pedres, sediments, troncs, restes de records de catàstrofes i riuades; en temps de sequera, la llera és la guardiana de la memòria de l’aigua, la que ens recorda i ens adverteix del perill d’oblidar el camí que l’aigua va marcar, i espera pacient perquè sap que, inevitable, tornarà a córrer pel seu cos eixut, amansirà les cicatrius i omplirà de verd i de vida els seus marges. La llera és resistent perquè sap que res no la destrueix, només la modifica i que això la fa més forta.</p>
<p>Les nostres vides són rius, ens deia Jorge Manrique. La poeta Sònia Moya li respon amb una metàfora potent i agosarada que recorre tot el seu poemari: potser les nostres vides no són rius, potser les nostres vides són lleres, eixutes i ufanoses, clivellades i desbordants. I també plenes de misteris i d’enigmes, com les pedres precioses i resplendents que dormen enterrades als llots de les nostres entranyes.</p>
